{"id":71,"date":"2024-07-23T14:18:22","date_gmt":"2024-07-23T14:18:22","guid":{"rendered":"https:\/\/colegiosantavictoria.cl\/newsite\/?page_id=71"},"modified":"2026-02-25T17:13:58","modified_gmt":"2026-02-25T17:13:58","slug":"area-academica","status":"publish","type":"page","link":"https:\/\/colegiosantavictoria.cl\/newsite\/area-academica\/","title":{"rendered":"\u00c1rea Acad\u00e9mica"},"content":{"rendered":"\n\n\nGabriela Prieto y Bel\u00e9n Ovalle<div>Nuestras Coordinadoras Acad\u00e9micas.<\/div>\n\n\n<h2>\u00c1rea Acad\u00e9mica<\/h2>\n<p><br><p style=\"text-align: left; line-height: 1;\">La Coordinaci\u00f3n Acad\u00e9mica es el estamento encargado de la direcci\u00f3n, planificaci\u00f3n, coordinaci\u00f3n, supervisi\u00f3n y evaluaci\u00f3n de los procesos educativos que se llevan a cabo en el colegio. \n<br> <br>\nSu funci\u00f3n principal es liderar y dirigir la puesta en operaci\u00f3n del Proyecto Educativo, procurando que los lineamientos, fundamentos b\u00e1sicos y metas establecidas se cumplan asegurando la calidad de las estrategias did\u00e1cticas en el aula y velando por el mejoramiento del rendimiento escolar, procurando la optimizaci\u00f3n permanente del proceso ense\u00f1anza \u2013 aprendizaje a trav\u00e9s de la planificaci\u00f3n de planes especiales de reforzamiento y otras acciones pertinentes. <br> <br>Todo esto con el fin de entregar un sistema de educaci\u00f3n con los mejores est\u00e1ndares y siempre priorizando una formaci\u00f3n integral de nuestros estudiantes.<\/p><\/p>\n\n\n\n\n\n\n\n\n\n\n\n\n\n\n\n\n","protected":false},"excerpt":{"rendered":"","protected":false},"author":1,"featured_media":0,"parent":0,"menu_order":0,"comment_status":"closed","ping_status":"closed","template":"","meta":{"pagelayer_contact_templates":[],"_pagelayer_content":"","footnotes":""},"class_list":["post-71","page","type-page","status-publish","hentry"],"_links":{"self":[{"href":"https:\/\/colegiosantavictoria.cl\/newsite\/wp-json\/wp\/v2\/pages\/71","targetHints":{"allow":["GET"]}}],"collection":[{"href":"https:\/\/colegiosantavictoria.cl\/newsite\/wp-json\/wp\/v2\/pages"}],"about":[{"href":"https:\/\/colegiosantavictoria.cl\/newsite\/wp-json\/wp\/v2\/types\/page"}],"author":[{"embeddable":true,"href":"https:\/\/colegiosantavictoria.cl\/newsite\/wp-json\/wp\/v2\/users\/1"}],"replies":[{"embeddable":true,"href":"https:\/\/colegiosantavictoria.cl\/newsite\/wp-json\/wp\/v2\/comments?post=71"}],"version-history":[{"count":52,"href":"https:\/\/colegiosantavictoria.cl\/newsite\/wp-json\/wp\/v2\/pages\/71\/revisions"}],"predecessor-version":[{"id":880,"href":"https:\/\/colegiosantavictoria.cl\/newsite\/wp-json\/wp\/v2\/pages\/71\/revisions\/880"}],"wp:attachment":[{"href":"https:\/\/colegiosantavictoria.cl\/newsite\/wp-json\/wp\/v2\/media?parent=71"}],"curies":[{"name":"wp","href":"https:\/\/api.w.org\/{rel}","templated":true}]}}