{"id":199,"date":"2025-05-08T15:43:45","date_gmt":"2025-05-08T15:43:45","guid":{"rendered":"https:\/\/colegiosantavictoria.cl\/newsite\/?page_id=199"},"modified":"2026-03-13T13:34:50","modified_gmt":"2026-03-13T13:34:50","slug":"calendario-de-evaluaciones","status":"publish","type":"page","link":"https:\/\/colegiosantavictoria.cl\/newsite\/calendario-de-evaluaciones\/","title":{"rendered":"Calendario de Evaluaciones"},"content":{"rendered":"\n\n\n\n\n\n\nEnse\u00f1anza Pre-B\u00e1sica y B\u00e1sica\nCalendario de Evaluaciones 2026\n\n\nPre Kinder\n\n\n\n\nKinder\n\n\n\n\n1\u00ba B\u00e1sico\n\n\n\n\n2\u00ba B\u00e1sico\n\n\n\n\n3\u00ba B\u00e1sico&nbsp;\n\n\n\n\n4\u00ba B\u00e1sico\n\n\n\n\n5\u00ba Basico\n\n\n\n\n6\u00ba Basico\n\n\n\n\n7\u00ba Basico\n\n\n\n\n8\u00ba B\u00e1sico A\n\n\n\n\nEnse\u00f1anza Media\nCalendario de Evaluaciones 2026\n\n\nI\u00ba Medio A\n\n\n\n\nI\u00ba Medio B\n\n\n\n\nI\u00ba Medio C\n\n\n\n\nI\u00ba Medio D\n\n\n\n\nII\u00ba Medio A\n\n\n\n\nII\u00ba Medio B\n\n\n\n\nII\u00ba Medio C\n\n\n\n\nII\u00ba Medio D\n\n\n\n\nIII\u00ba Medio A\n\n\n\n\nIII\u00ba Medio B\n\n\n\n\nIII\u00ba Medio C\n\n\n\n\nIV\u00ba Medio A\n\n\n\n\nIV\u00ba Medio B\n\n\n\n\nIV\u00ba Medio C\n\n\n\n\n","protected":false},"excerpt":{"rendered":"","protected":false},"author":1,"featured_media":0,"parent":0,"menu_order":0,"comment_status":"closed","ping_status":"closed","template":"","meta":{"pagelayer_contact_templates":[],"_pagelayer_content":"","footnotes":""},"class_list":["post-199","page","type-page","status-publish","hentry"],"_links":{"self":[{"href":"https:\/\/colegiosantavictoria.cl\/newsite\/wp-json\/wp\/v2\/pages\/199","targetHints":{"allow":["GET"]}}],"collection":[{"href":"https:\/\/colegiosantavictoria.cl\/newsite\/wp-json\/wp\/v2\/pages"}],"about":[{"href":"https:\/\/colegiosantavictoria.cl\/newsite\/wp-json\/wp\/v2\/types\/page"}],"author":[{"embeddable":true,"href":"https:\/\/colegiosantavictoria.cl\/newsite\/wp-json\/wp\/v2\/users\/1"}],"replies":[{"embeddable":true,"href":"https:\/\/colegiosantavictoria.cl\/newsite\/wp-json\/wp\/v2\/comments?post=199"}],"version-history":[{"count":13,"href":"https:\/\/colegiosantavictoria.cl\/newsite\/wp-json\/wp\/v2\/pages\/199\/revisions"}],"predecessor-version":[{"id":907,"href":"https:\/\/colegiosantavictoria.cl\/newsite\/wp-json\/wp\/v2\/pages\/199\/revisions\/907"}],"wp:attachment":[{"href":"https:\/\/colegiosantavictoria.cl\/newsite\/wp-json\/wp\/v2\/media?parent=199"}],"curies":[{"name":"wp","href":"https:\/\/api.w.org\/{rel}","templated":true}]}}