{"id":103,"date":"2024-07-31T13:04:45","date_gmt":"2024-07-31T13:04:45","guid":{"rendered":"https:\/\/colegiosantavictoria.cl\/newsite\/?page_id=103"},"modified":"2026-02-25T17:14:48","modified_gmt":"2026-02-25T17:14:48","slug":"pie","status":"publish","type":"page","link":"https:\/\/colegiosantavictoria.cl\/newsite\/pie\/","title":{"rendered":"PIE"},"content":{"rendered":"\n\n\n\n\n\n<h2 style=\"font-style: normal; font-variant-ligatures: normal; font-variant-caps: normal;\">Programa de Integraci\u00f3n Escolar (PIE)<\/span><\/h2><p>El Programa de Integraci\u00f3n Escolar PIE, es una estrategia inclusiva del sistema educativo que tiene el prop\u00f3sito de <strong>entregar apoyos adicionales a todos y cada uno de los estudiantes que presentan necesidades educativas especial<\/strong><strong>es<\/strong>, favoreciendo la presencia y participaci\u00f3n en las salas de clases y en los distintos espacios educativos, de un equipo multidisciplinario quien acompa\u00f1ar\u00e1 al estudiante en el logro de los objetivos de aprendizaje y en su trayectoria escolar.<\/p>\n<p><\/p>\n\n\n\n\n\n\n\n\n\n\n\n","protected":false},"excerpt":{"rendered":"","protected":false},"author":1,"featured_media":0,"parent":0,"menu_order":0,"comment_status":"closed","ping_status":"closed","template":"","meta":{"pagelayer_contact_templates":[],"_pagelayer_content":"","footnotes":""},"class_list":["post-103","page","type-page","status-publish","hentry"],"_links":{"self":[{"href":"https:\/\/colegiosantavictoria.cl\/newsite\/wp-json\/wp\/v2\/pages\/103","targetHints":{"allow":["GET"]}}],"collection":[{"href":"https:\/\/colegiosantavictoria.cl\/newsite\/wp-json\/wp\/v2\/pages"}],"about":[{"href":"https:\/\/colegiosantavictoria.cl\/newsite\/wp-json\/wp\/v2\/types\/page"}],"author":[{"embeddable":true,"href":"https:\/\/colegiosantavictoria.cl\/newsite\/wp-json\/wp\/v2\/users\/1"}],"replies":[{"embeddable":true,"href":"https:\/\/colegiosantavictoria.cl\/newsite\/wp-json\/wp\/v2\/comments?post=103"}],"version-history":[{"count":29,"href":"https:\/\/colegiosantavictoria.cl\/newsite\/wp-json\/wp\/v2\/pages\/103\/revisions"}],"predecessor-version":[{"id":882,"href":"https:\/\/colegiosantavictoria.cl\/newsite\/wp-json\/wp\/v2\/pages\/103\/revisions\/882"}],"wp:attachment":[{"href":"https:\/\/colegiosantavictoria.cl\/newsite\/wp-json\/wp\/v2\/media?parent=103"}],"curies":[{"name":"wp","href":"https:\/\/api.w.org\/{rel}","templated":true}]}}